))/(n/846)?
7
Let i be ((-15)/(-12))/(5/80). What is the units digit of (-30)/(-25)*i/3?
8
Let d be 90/(-40) - 2/(-8). What is the units digit of (-6)/d + 10 + 1?
4
Suppose -5*q - 2*j = -0*j - 35, 0 = 4*q + 2*j - 26. What is the units digit of q + -8 - 32/(-2)?
7
Let g be 1*(2/(-1) + -5). Suppose -5*d = 17 - 87. Let z = d + g. What is the units digit of z?
7
Suppose -4*q + q = 84. Let c = -16 - q. What is the tens digit of c?
1
Let q(u) be the second derivative of u**3/3 - u**2 - u. Let p be q(-5). Let o = p + 18. What is the units digit of o?
6
Let u(x) = -x**3 + x. Suppose 4*v - 3 = 1. Let c be u(v). Suppose -4*f + c = -12. What is the units digit of f?
3
Let j(z) = z**3 + 3*z**2 - 7*z - 5. Let w be j(-4). Let d = -10 - -14. Suppose -5*k - d*q + 39 = 0, w*k + q = 2*k + 51. What is the units digit of k?
1
Suppose 5*n = 3*n + 28. Let a(o) = -4*o + 3. Let i be a(3). Let d = i + n. What is the units digit of d?
5
Let f(m) = -m + 9. Let t be f(-7). Suppose -4*c - x + 41 = 0, 4*x + x - t = c. What is the units digit of c/(-6)*(2 - 4)?
3
Suppose -b = -g - 9, -4*g = -2*b + 3 + 9. What is the units digit of b?
2
Let v = 9 - 6. Suppose 0 = -v*o + o + 14. Suppose 55 = -2*u + o*u. What is the tens digit of u?
1
Suppose -3*b + 4*t = -16 - 3, 0 = 3*b - 2*t - 23. What is the units digit of b?
9
Suppose -2*v = -3*v. Suppose v = -0*r + 3*r - 12. Suppose -71 = -r*k - 7. What is the units digit of k?
6
Let p(d) = -d + 3. Let m be p(5). Let f be (1 - 0)/(m/(-6)). Suppose -f*j + 2*h = -13, -h + 20 = 4*h. What is the units digit of j?
7
Suppose -2*u - 104 = -330. Suppose 3*v - u = -5*a + 3, 5*v + a = 186. What is the tens digit of v?
3
Let h(x) = 19*x - 46. What is the tens digit of h(8)?
0
Suppose -4*x + 9 = c, -3*x - 14 = -3*c - 2*x. What is the tens digit of (-3)/c + 116/10?
1
Let o = -1 + 3. Suppose 2*t - 1 - 3 = 0. Let y = t + o. What is the units digit of y?
4
Let s be 0 + (4*18)/3. Let k be (8/12)/(2/s). Let m = k - 2. What is the units digit of m?
6
Let x = -3 + 8. Suppose 4*q - 12 = -2*f, f = -0*f - x*q + 18. What is the units digit of 0*(-1 - f) - -5?
5
Let t be ((-2)/(-3) + -1)*-27. Let o = t - 0. What is the units digit of o?
9
Suppose 0 = -8*m + 4*m - r + 329, 3*r = -3*m + 258. What is the tens digit of m?
8
Let h(j) = -j**3 - 2*j**2 - 15*j - 2. What is the hundreds digit of h(-7)?
3
Let y(r) = -3*r**3 + 1 + 3*r**2 + 4*r**3 + 4 + 0*r**3 - 4*r. What is the units digit of y(-4)?
5
Let d be 4/(-16)*16/(-2). Let n(a) = 3*a**2 - 3*a + 3. What is the units digit of n(d)?
9
Let l(o) = -o**2 - 10*o + 1. Let f be l(-8). Let y = -25 + f. Let w = 18 + y. What is the tens digit of w?
1
What is the hundreds digit of (1 - 14)/(4/(-88))?
2
Suppose 2*i - 6*i = -68. Suppose -x + i = -8. What is the units digit of x?
5
Suppose -4*l = -7 - 1. Suppose -u + 2*u + l*c = 0, 0 = -5*u + 5*c + 15. Suppose s - u*s + 3 = 0. What is the units digit of s?
3
Let u(z) be the third derivative of z**6/360 - z**5/24 + z**4/24 + z**3/2 - 3*z**2. Let q(h) be the first derivative of u(h). What is the units digit of q(6)?
7
Let b(m) be the second derivative of m**4/12 - 2*m**3/3 + m**2/2 + 4*m. What is the units digit of b(4)?
1
Let a = 9 + -6. Suppose 5*k = a*k + 6. What is the units digit of 2/(2 + -3 + k)?
1
Let z(g) = 5*g**2 + g. Let c be z(1). Let m(n) = n**3 - 5*n**2 - 7*n - 2. Let a be m(c). What is the tens digit of -2*(-1 - 0) - a?
1
Suppose 2*y - 1 - 1 = 0. What is the units digit of 4*(-51)/(-6)*y?
4
What is the units digit of 6/((-18)/(-1011))*(1 + 0)?
7
Let w(t) = t**3 + 7*t**2 + t + 8. What is the units digit of w(-6)?
8
Let j(i) = -5 - 1 - i + 7 + 4. What is the units digit of j(3)?
2
Suppose 5*z = i + 3 + 14, -2*z - 4*i = -20. Suppose -4*r = -3*f - 26, -z*r - 3*f + 25 + 13 = 0. Let k = r + -5. What is the units digit of k?
3
Let l = 18 - -10. What is the units digit of l?
8
Let f be (-12)/(-30) - (-23)/5. Suppose -36 = n - f*n. What is the units digit of n?
9
Let f(a) = a**2 + 19*a + 4. What is the units digit of f(-19)?
4
Let p be ((-5)/(-15))/(1/(-9)). Let g = p - -15. What is the tens digit of (2/(-2))/((-1)/g)?
1
Suppose -4*g + 41 = 5*d, 4*g - 5*d = -0*g + 71. Let v = -8 + g. What is the units digit of v?
6
Let a = 3 - 1. Let z = a + 4. Suppose -t = -z - 10. What is the units digit of t?
6
Let v be ((-10)/(-2))/((-2)/(-6)). Suppose 24 = 4*n + 4*x - 28, 2*n - 2*x - 10 = 0. Let l = v - n. What is the units digit of l?
6
Let g = 0 - -5. Suppose g*k + 76 - 191 = 0. What is the tens digit of k?
2
Let a = -7 - -10. Suppose 2*q + a*q = 20. Suppose -q - 4 = -2*x. What is the units digit of x?
4
Let s be 2/(3 + (-25)/8). Let a be (-164)/s + (-2)/8. What is the units digit of 4*1/(-2) + a?
8
Let r(x) = x**2 + x + 1. Let l be r(-1). Suppose -4 - l = 5*u. Let d(p) = -9*p**3 + p**2 - 1. What is the units digit of d(u)?
9
Suppose 4*r + 202 = -2*c + 552, -3*r = 4*c - 275. Let m be ((-6)/(-5))/(2/r). Suppose -m = -3*u - 2*b, 6*b = 4*u + b - 45. What is the tens digit of u?
1
Let o(l) = l**2 - 3*l - 6. Suppose -2*v = -7*v + 25. What is the units digit of o(v)?
4
What is the tens digit of 1795/35 + (-4)/14?
5
Let f(u) be the first derivative of u**2 - 3*u + 4. What is the tens digit of f(8)?
1
Let z = -15 - -31. Suppose h - z - 6 = -4*k, -4 = -4*k. What is the tens digit of h?
1
Let i = 37 + -26. Suppose 5*a = w + 25, 0 = 2*a - w - i + 4. Let y = -3 + a. What is the units digit of y?
3
Suppose 0 = -5*x + 17 - 7. Let p(g) = -x - 2*g - 2 + 0 + 2. What is the units digit of p(-2)?
2
Suppose 7 = -2*y - 37. Let m be (1 - y/4)*2. Let b = -8 + m. What is the units digit of b?
5
Suppose 0*p = 4*p + 4*z - 100, 4*z = -16. What is the tens digit of p?
2
Let q be (-5)/(-3) + 1/3. Let h be -4 + 8 - 1*q. Suppose -2*s = 0, -5 = h*o + s - 27. What is the units digit of o?
1
Suppose -2*j = j - 6. Suppose b + 4*b - 57 = -4*i, -5*b = -j*i - 9. What is the units digit of i?
8
Suppose 4*n - 4*g = 32, 32 = 3*n - 0*n + g. What is the tens digit of n?
1
Let w = -24 + 40. What is the tens digit of w?
1
Let i be ((-35)/14)/((-1)/2). Suppose b + 40 = i*b. What is the units digit of b?
0
Suppose -19 = -2*c + c. Suppose -c - 17 = -4*u. What is the units digit of u?
9
Let s(d) = -d**2 + 10*d + 7. What is the tens digit of s(5)?
3
Let s(d) = -6*d + 0*d**2 - 3*d - d**2 - 6. Let b be s(-7). Suppose -b = 4*t, -m = 2*m - 4*t - 17. What is the units digit of m?
3
Let n(k) = k**3 + 4*k**2 - 7*k - 7. Let w be n(-5). Let r = -61 - -41. What is the units digit of 2 - (r - (w - 6))?
9
Let n(d) = -3*d + 10. Let r be n(4). What is the units digit of (29 - (2 + r)) + -1?
8
Let x(o) = 10*o + 8. What is the units digit of x(9)?
8
Let n(p) = -p**3 + 7*p**2 - 7*p + 3. Let h be n(6). Let v = 7 + h. What is the units digit of v?
4
Let a = -2 - -7. Suppose 4*b - 19 = a. What is the units digit of b?
6
Let l be 2154/42 - (-4)/(-14). Suppose 2*i + i - l = 0. What is the tens digit of i?
1
Suppose -2*k = 5 + 1. What is the units digit of 8 - k/(-9)*3?
7
Suppose 3*g + 5*i + 11 = 0, -4*i + 3*i - 1 = 0. Let z be (1 - 0)/(g/(-4)). What is the units digit of 4/z + 0/(-2)?
2
Suppose 0 = -2*a - 8 - 2, -14 = 3*b + 4*a. Suppose 0 = -0*q + b*q - 26. What is the tens digit of q?
1
Let c(b) = -b**3 - b + 7. Let t be c(0). Let p = 0 + t. What is the units digit of p?
7
Suppose -x - 2 = 1. Let t(w) = 2*w**2 + w - 4. What is the units digit of t(x)?
1
Let s be 2/4 + 15/2. Suppose 2*u + s - 32 = 0. What is the tens digit of u?
1
Let s = -7 - -55. What is the units digit of s?
8
Suppose -5*p + 31 = 3*l, l - 17 = p + 4*p. Let k = 0 + l. What is the units digit of k?
2
Suppose 6 = 3*w - 0*w. Suppose -w*d = 3*d - 35. What is the units digit of d?
7
Suppose -5049 = -17*c - 0*c. What is the tens digit of c?
9
Let k(d) be the first derivative of d**4/4 - 5*d**3/3 - 3*d**2 - 4*d - 2. Let p be k(6). What is the units digit of (0 - -2)/(p/(-10))?
5
Suppose -x = -4 + 1. Suppose -l = 5*f - 16, -x*l = f - 105 + 1. What is the tens digit of l?
3
Let a = 6 + -7. What is the units digit of -1 - (1 - 4) - a?
3
Suppose -2*u - 3*y = -5, 2*u - 8 = -4*y - 2. Let o be 4 - 7 - -19*u. Suppose f + o = 2*f. What is the tens digit of f?
1
Suppose -4*u - 3*n = -7*n, 0 = -3*u + 2*n. Suppose 5*d = -3*s + 14, u*d = -2*s - 2*d + 12. Let g = -6 + s. What is the units digit of g?
2
L